y) = y**3 + 9*y**2 + 10*y + 15. Determine s(-8).
-1
Let j(i) = 34*i**2 - 202*i - 7. What is j(6)?
5
Let f(o) = -o**2 - 2*o + 15. Give f(6).
-33
Let b(j) = -j**3 - 12*j**2 + 13. What is b(-12)?
13
Let k(v) = v**3 + 6*v**2 + 3*v + 9. Give k(-6).
-9
Let u(b) = -17*b**3 - b**2 - 3*b + 5. Calculate u(2).
-141
Let w(a) = -a**3 + 6*a**2 + a + 3. Calculate w(4).
39
Let w(v) = v**3 - 5*v**2 - 25*v + 14. Determine w(8).
6
Let m(u) = -2*u**2 - 7*u + 11. Give m(-10).
-119
Let d(i) = -34*i**2 + 168*i + 5. What is d(5)?
-5
Let c(g) = g**3 - 10*g**2 - 3*g - 3. Determine c(10).
-33
Let s(g) = g**2 - 11*g + 10. Give s(8).
-14
Let x(h) = -h**2 + 23*h + 71. Calculate x(26).
-7
Let o(h) = -h**3 + 2*h**2 + 3*h + 1. What is o(-1)?
1
Let o(x) = -4*x - 222. Give o(-57).
6
Let a(w) = 2*w**3 + 4*w**2 - 5*w - 1. Give a(-3).
-4
Let f(y) = -16*y + 13. What is f(1)?
-3
Let t(y) = y**2 + 18*y + 2. Determine t(-16).
-30
Let r(g) = -2*g - 44. Give r(-22).
0
Let j(r) = 5*r**3 - 41*r**2 + 11*r - 17. Give j(8).
7
Let y(x) = -x**3 - 11*x**2 - 3. Determine y(-11).
-3
Let l(a) = -a**3 - 8*a**2 - 7*a + 5. Determine l(-6).
-25
Let x(r) = -r**3 + 4*r**2 + r - 36. Determine x(4).
-32
Let u(m) = m**2 + 4*m - 7. What is u(2)?
5
Let b(l) = -28*l + 8. Give b(-5).
148
Let x(n) = n**3 - 10*n**2 - 11*n + 4. What is x(11)?
4
Let x(y) = 37*y. Calculate x(1).
37
Let u(o) = 9*o - 92. What is u(10)?
-2
Let x(l) = 2*l**2 - 2*l - 4. Calculate x(-3).
20
Let h(o) = -o**3 + 8*o**2 - 10*o + 9. Give h(7).
-12
Let c(g) = 2*g + 15. Determine c(-4).
7
Let d(c) = 29*c**2 - 2*c - 1. Calculate d(-1).
30
Let o(d) = 3*d**3 + 5*d**2 + 4*d + 3. What is o(-3)?
-45
Let d(a) = a**3 - 11*a**2 - 13*a + 9. What is d(12)?
-3
Let z(g) = g**2 - 7*g + 5. Determine z(5).
-5
Let k(d) = d**3 - 5*d**2 - d + 4. Determine k(4).
-16
Let n(a) = -a**3 - 19*a**2 - 5. What is n(-19)?
-5
Let v(p) = p**3 - 5*p**2 - 2*p - 3. Determine v(4).
-27
Let b(a) = -41*a + 323. Calculate b(8).
-5
Let i(t) = -t**2 - 4*t - 8. Give i(-4).
-8
Let m(q) = 8*q - 12. Determine m(2).
4
Let x(d) = d**3 - 3*d**2 - 3*d. Calculate x(4).
4
Let o(f) = 6*f + 12. What is o(-14)?
-72
Let y(a) = 2*a + 6. Calculate y(-10).
-14
Let j(f) = f**3 + 7*f**2 + f + 4. Determine j(-7).
-3
Let s(i) = -6*i - 5. Calculate s(1).
-11
Let d(l) = -l**2 - 5*l - 6. Calculate d(-6).
-12
Let q(c) = -c + 85. Give q(-12).
97
Let b(r) = r**3 + r**2 + 3*r + 8. Determine b(-2).
-2
Let c(v) = 43*v + 171. Give c(-4).
-1
Let c(k) = -k**3 - 5*k**2 + 5*k + 1. Determine c(-6).
7
Let c(m) = 2*m**2 + 6*m + 7. Determine c(-3).
7
Let j(r) = 4*r**3 + 2*r + 1. Give j(-1).
-5
Let i(x) = -5*x - 3. What is i(-3)?
12
Let u(t) = t**3 - 6*t**2 + 2*t - 6. What is u(3)?
-27
Let j(t) = -4*t**2 - 8*t - 7. Calculate j(-7).
-147
Let b(w) = -83*w + 7. Calculate b(-2).
173
Let z(u) = u**2 + 9*u - 6. Determine z(-10).
4
Let h(k) = k**3 - 7*k**2 + 6*k - 5. Calculate h(3).
-23
Let x(v) = 5*v - 54. Give x(10).
-4
Let n(k) = 5*k**2 - 15*k + 7. Determine n(3).
7
Let o(j) = -2*j**2 + 53*j - 72. Calculate o(25).
3
Let s(j) = 7*j - 342. What is s(48)?
-6
Let j(g) = -g**3 + 4*g**2 + 9*g + 8. Determine j(6).
-10
Let n(w) = -75*w - 308. Calculate n(-4).
-8
Let c(z) = 15*z - 54. What is c(3)?
-9
Let j(i) = -2*i**3 - 2*i**2 - 5*i + 8. Calculate j(1).
-1
Let c(f) = f**3 + f**2 - 8*f + 2. What is c(2)?
-2
Let i(p) = -p**3 - 3*p**2 + 3*p. Calculate i(-5).
35
Let c(n) = n**2 - 19*n + 44. What is c(17)?
10
Let r(d) = -9*d + 4. Determine r(-5).
49
Let q(a) = -a**2 + 12*a + 7. Determine q(13).
-6
Let p(u) = -u**3 - 2*u**2 + 3*u - 4. Calculate p(-3).
-4
Let p(v) = -4*v + 117. Calculate p(33).
-15
Let p(v) = 10*v + 9. What is p(-2)?
-11
Let l(o) = 2*o**3 + 6*o**2 + o - 11. Calculate l(-2).
-5
Let i(u) = 6*u**2 - 2. What is i(-1)?
4
Let w(u) = -3*u**2 - 6*u + 11. What is w(-5)?
-34
Let u(c) = -c**3 - 4*c**2 - 3*c - 4. Determine u(-3).
-4
Let b(q) = -q**3 + 4*q**2 - 2*q. Determine b(4).
-8
Let i(o) = o**2 - 4*o - 3. Determine i(4).
-3
Let a(d) = d**2 + 8*d - 15. Give a(-10).
5
Let k(m) = -m**3 - 5*m**2 + 9*m - 29. Give k(-7).
6
Let t(y) = -y**2 + 19*y - 2. Determine t(19).
-2
Let y(o) = 4*o**2 - 32*o - 8. Give y(8).
-8
Let j(i) = -52*i**3 + 1. What is j(1)?
-51
Let d(p) = 6*p + 47. What is d(-6)?
11
Let k(o) = -o + 1. Calculate k(1).
0
Let t(k) = 5*k**2 - 3*k - 14. What is t(-2)?
12
Let x(h) = -2*h**3 - 16*h**2 - 3*h - 12. What is x(-8)?
12
Let k(d) = d**2 + 11*d + 7. What is k(-12)?
19
Let s(b) = -b**3 + b**2 + 2*b - 6. Determine s(4).
-46
Let m(p) = -5*p - 17. What is m(-11)?
38
Let j(t) = -t - 5. What is j(2)?
-7
Let a(d) = -d**2 - 9*d - 6. Determine a(-8).
2
Let j(u) = -5*u - 9. Give j(-10).
41
Let p(n) = -6*n + 7. Determine p(3).
-11
Let j(n) = n**3 + 9*n**2 + 8*n - 4. What is j(-8)?
-4
Let g(k) = k**3 + k**2 + k + 19. Determine g(0).
19
Let w(z) = 4*z**2 + 3*z - 2. What is w(2)?
20
Let p(q) = q**2 - 6*q + 1. Calculate p(4).
-7
Let p(t) = -2*t**3 - 2*t**2 - t + 2. Give p(-3).
41
Let v(x) = 9*x + 4. Calculate v(-3).
-23
Let n(t) = -16*t**2. Calculate n(1).
-16
Let q(j) = j**3 - 11*j**2 - 18*j + 62. Determine q(12).
-10
Let o(n) = -n**2 - 6*n - 7. Give o(-4).
1
Let c(s) = -7*s + 76. Calculate c(10).
6
Let a(k) = 6*k**3 + k**2 - 3*k + 1. Determine a(1).
5
Let t(x) = 24*x**2 - 2*x + 1. Give t(1).
23
Let u(a) = -137*a + 1367. Give u(10).
-3
Let r(h) = h**3 + h**2 + h + 37. What is r(0)?
37
Let k(t) = t**3. Give k(1).
1
Let s(m) = -4*m**3 + 7*m**2 - 2*m. Give s(4).
-152
Let u(x) = -2*x**2 + 15*x - 2. Give u(7).
5
Let n(y) = -y**2 + 9*y - 15. Give n(6).
3
Let p(t) = t**3 - 23*t**2 - 48*t - 57. Give p(25).
-7
Let x(t) = -t**3 + 11*t**2 - 7*t - 8. Calculate x(10).
22
Let y(b) = b**3 + 11*b**2 - 1. Give y(-11).
-1
Let d(z) = -27*z + 2. What is d(-1)?
29
Let x(p) = -p - 2. Calculate x(-8).
6
Let m(t) = -15*t**2 + 496*t - 32. Determine m(33).
1
Let y(r) = -r**2 - 3*r + 1. What is y(5)?
-39
Let x(k) = 36*k + 61. Calculate x(-2).
-11
Let b(u) = -u**3 + 6*u**2 + 5*u + 6. Give b(6).
36
Let l(t) = t**2 + 1. Give l(-2).
5
Let j(k) = k**3 + 4*k**2 - 2*k + 8. Give j(-4).
16
Let j(r) = 17*r - 134. What is j(8)?
2
Let s(p) = -p**2 + 5*p - 21. Give s(0).
-21
Let h(y) = 2*y**2 - 26*y + 27. Calculate h(12).
3
Let c(l) = -l**2 - 32*l - 41. What is c(-31)?
-10
Let j(w) = 2*w**2 + 14*w + 3. Determine j(-10).
63
Let m(l) = l**3 + 8*l**2 - 6*l + 3. Determine m(-9).
-24
Let u(b) = 107*b**2 + 2*b + 2. Determine u(-1).
107
Let j(n) = -n**3 - 2*n**2 + 3*n + 1. Give j(-3).
1
Let y(h) = h**3 - 18*h**2 + 33*h - 23. Calculate y(16).
-7
Let o(g) = -g**3 - 2*g**2 + 3*g. Calculate o(-3).
0
Let y(o) = -10*o**3 + o**2 - 3*o + 2. Calculate y(1).
-10
Let v(p) = 2*p**2 + 28*p - 4. Give v(-14).
-4
Let i(v) = 2*v - 69. Calculate i(0).
-69
Let v(k) = -k**3 - 5*k**2 - k + 2. Determine v(-4).
-10
Let b(s) = -s**3 - s + 29. Give b(0).
29
Let z(t) = t**3 - 11*t**2 - 28*t + 27. Determine z(13).
1
Let d(j) = -7*j**2 - 3*j + 1. Calculate d(3).
-71
Let j(y) = -y + 15. Give j(16).
-1
Let l(b) = b**2 + 4*b + 3. What is l(-2)?
-1
Let o(p) = 2*p + 8. What is o(-7)?
-6
Let l(v) = v + 3. Give l(2).
5
Let f(o) = o**2 - 9*o - 40. What is f(12)?
-4
Let j(v) = -7*v**3 + 9*v - 1. What is j(3)?
-163
Let i(u) = -3*u + 66. Give i(24).
-6
Let s(c) = 40*c + 465. Calculate s(-11).
25
Let w(v) = -v**3 + 7*v**2 - 8*v + 6. Give w(6).
-6
Let r(o) = -4*o. Give r(3).
-12
Let a(j) = 11*j**3 + 2*j**2 + j + 1. Calculate a(-1).
-9
Let i(r) = r**3 + 3*r**2 - 2*r + 3. Give i(2).
19
Let v(k) = -k**2 + 13*k + 12. What is v(14)?
-2
Let f(i) = -i**3 + 20*i**2 + 21*i. What is f(21)?
0
Let u(d) = -d**3 - 4*d**2 + 9*d + 5. Give u(-6).
23
Let h(t) = -5*t - 164. Calculate h(-34).
6
Let l(y) = 28*y + 200. Determine l(-7).
4
Let z(v) = -6*v + 17. Calculate z(3).
-1
Let f(r) = 2*r**2 + r + 2. Calculate f(0).
2
Let y(c) = 117*c**3 - 3*c + 2. What is y(1)?
116
Let i(m) = -3*m. Determine i(4).
-12
Let x(m) = 2*m**2 + 111*m + 49. Determine x(-55).
-6
Let s(i) = 5*i + 63. Calculate s(-9).
18
Let m(d) = d**2 - d + 1. What is m(0)?
1
Let o(a) = 24*a + 10. Determine o(-1).
-14
Let n(j) = -j**2 - 7*j - 4. Give n(-5).
6
Let f(r) = -r**3 + 10*r**2 - 9*r + 1. Calculate f(9).
1
Let i(q) = 2*q**3 + 32*q**2 + 109*q - 10. Calculate i(-11).
1
Let l(c) = c**2 + c - 5. Determine l(-4).
7
Let m(x) = -x + 7. Give m(4).
3
Let d(s) = s**2 - 14*s - 14